n 3326 is divided by 536.
110
Calculate the remainder when 29933 is divided by 122.
43
What is the remainder when 2599 is divided by 646?
15
What is the remainder when 342023 is divided by 121?
77
What is the remainder when 18900 is divided by 117?
63
Calculate the remainder when 4122 is divided by 181.
140
Calculate the remainder when 225019 is divided by 1216.
59
What is the remainder when 18021 is divided by 383?
20
What is the remainder when 346794 is divided by 154?
140
Calculate the remainder when 15019 is divided by 3726.
115
What is the remainder when 49849 is divided by 1898?
501
What is the remainder when 20556 is divided by 7?
4
Calculate the remainder when 31651 is divided by 2244.
235
Calculate the remainder when 789 is divided by 191.
25
Calculate the remainder when 759 is divided by 215.
114
Calculate the remainder when 183782 is divided by 61259.
5
What is the remainder when 10653 is divided by 5185?
283
What is the remainder when 4337 is divided by 10?
7
What is the remainder when 3039 is divided by 218?
205
Calculate the remainder when 1688 is divided by 696.
296
Calculate the remainder when 1136866 is divided by 44.
38
Calculate the remainder when 146251 is divided by 40.
11
Calculate the remainder when 3123 is divided by 1386.
351
Calculate the remainder when 77373 is divided by 1335.
1278
Calculate the remainder when 1148 is divided by 131.
100
What is the remainder when 23796 is divided by 340?
336
Calculate the remainder when 7744 is divided by 1902.
136
What is the remainder when 949 is divided by 6?
1
What is the remainder when 22039 is divided by 55?
39
What is the remainder when 6509 is divided by 22?
19
Calculate the remainder when 3668 is divided by 276.
80
What is the remainder when 201936 is divided by 229?
187
What is the remainder when 483 is divided by 479?
4
What is the remainder when 1031 is divided by 236?
87
What is the remainder when 10571 is divided by 3317?
620
What is the remainder when 39431 is divided by 11?
7
Calculate the remainder when 1185923 is divided by 89.
87
Calculate the remainder when 38009 is divided by 1524.
1433
What is the remainder when 5031 is divided by 558?
9
What is the remainder when 6248 is divided by 101?
87
Calculate the remainder when 910220 is divided by 339.
5
What is the remainder when 28142 is divided by 9305?
227
What is the remainder when 5787 is divided by 954?
63
Calculate the remainder when 4035 is divided by 336.
3
What is the remainder when 109817 is divided by 154?
15
Calculate the remainder when 257687 is divided by 365.
362
What is the remainder when 391 is divided by 212?
179
What is the remainder when 811 is divided by 236?
103
Calculate the remainder when 38396 is divided by 17.
10
What is the remainder when 2326 is divided by 213?
196
What is the remainder when 1215 is divided by 190?
75
Calculate the remainder when 4021035 is divided by 126.
123
Calculate the remainder when 968 is divided by 2.
0
What is the remainder when 2689 is divided by 96?
1
What is the remainder when 172604 is divided by 998?
948
Calculate the remainder when 10046 is divided by 1433.
15
What is the remainder when 26253 is divided by 255?
243
What is the remainder when 2860 is divided by 87?
76
What is the remainder when 9295 is divided by 510?
115
What is the remainder when 4834 is divided by 125?
84
Calculate the remainder when 4872 is divided by 602.
56
Calculate the remainder when 479 is divided by 69.
65
What is the remainder when 1779486 is divided by 32?
30
What is the remainder when 8197 is divided by 316?
297
Calculate the remainder when 6916 is divided by 3458.
0
Calculate the remainder when 620880 is divided by 145.
135
What is the remainder when 3980 is divided by 61?
15
Calculate the remainder when 35554 is divided by 439.
434
What is the remainder when 25255 is divided by 47?
16
What is the remainder when 16746 is divided by 4185?
6
Calculate the remainder when 11916 is divided by 11916.
0
Calculate the remainder when 2823 is divided by 199.
37
What is the remainder when 78816 is divided by 63?
3
Calculate the remainder when 20696 is divided by 2069.
6
Calculate the remainder when 4382 is divided by 69.
35
What is the remainder when 2569 is divided by 1253?
63
Calculate the remainder when 23704 is divided by 593.
577
What is the remainder when 35150 is divided by 434?
430
Calculate the remainder when 568345 is divided by 177.
175
What is the remainder when 4692 is divided by 814?
622
Calculate the remainder when 13392 is divided by 4418.
138
Calculate the remainder when 7390 is divided by 276.
214
Calculate the remainder when 2110192 is divided by 265.
262
Calculate the remainder when 112990 is divided by 14123.
6
What is the remainder when 98308 is divided by 87?
85
Calculate the remainder when 216414 is divided by 30.
24
Calculate the remainder when 38893 is divided by 3887.
23
What is the remainder when 1173 is divided by 222?
63
What is the remainder when 767 is divided by 361?
45
Calculate the remainder when 12422 is divided by 65.
7
Calculate the remainder when 164377 is divided by 1034.
1005
What is the remainder when 11585 is divided by 2310?
35
What is the remainder when 26618 is divided by 305?
83
What is the remainder when 212696 is divided by 413?
1
What is the remainder when 634122 is divided by 634107?
15
Calculate the remainder when 7671 is divided by 545.
41
What is the remainder when 98741 is divided by 98?
55
What is the remainder when 7907 is divided by 2151?
1454
Calculate the remainder when 2773 is divided by 2654.
119
Calculate the remainder when 9853 is divided by 3145.
418
What is the remainder when 6195 is divided by 439?
49
Calculate the remainder when 14355 is divided by 14323.
32
What is the remainder when 2582 is divided by 848?
38
Calculate the remainder when 2092 is divided by 862.
368
Calculate the remainder when 222769 is divided by 332.
329
Calculate the remainder when 2837504 is divided by 145.
144
Calculate the remainder when 19076 is divided by 3178.
8
What is the remainder when 115096 is divided by 57531?
34
Calculate the remainder when 7041 is divided by 501.
27
What is the remainder when 10977 is divided by 1211?
78
Calculate the remainder when 5959 is divided by 223.
161
What is the remainder when 86031 is divided by 139?
129
What is the remainder when 59682 is divided by 1029?
0
Calculate the remainder when 73622 is divided by 1599.
68
What is the remainder when 82920 is divided by 171?
156
What is the remainder when 24691 is divided by 424?
99
Calculate the remainder when 2890 is divided by 1076.
738
What is the remainder when 2683 is divided by 1104?
475
Calculate the remainder when 1492 is divided by 776.
716
Calculate the remainder when 11074 is divided by 5143.
788
Calculate the remainder when 1698 is divided by 277.
36
What is the remainder when 2704 is divided by 676?
0
Calculate the remainder when 2334 is divided by 73.
71
What is the remainder when 959 is divided by 117?
23
What is the remainder when 142389 is divided by 102?
99
Calculate the remainder when 5966 is divided by 250.
216
What is the remainder when 19553 is divided by 4594?
1177
What is the remainder when 11029 is divided by 2753?
17
What is the remainder when 7395 is divided by 1590?
1035
Calculate the remainder when 11284 is divided by 143.
130
What is the remainder when 10325 is divided by 33?
29
Calculate the remainder when 129070 is divided by 64514.
42
Calculate the remainder when 1598 is divided by 1594.
4
What is the remainder when 1855 is divided by 63?
28
Calculate the remainder when 300013 is divided by 31.
26
Calculate the remainder when 1872 is divided by 10.
2
What is the remainder when 1277 is divided by 1207?
70
Calculate the remainder when 2143702 is divided by 716.
714
Calculate the remainder when 484 is divided by 431.
53
Calculate the remainder when 466 is divided by 201.
64
What is the remainder when 9840 is divided by 1620?
120
Calculate the remainder when 371638 is divided by 59.
56
Calculate the remainder when 17189 is divided by 17164.
25
What is the remainder when 90826 is divided by 174?
172
What is the remainder when 10569 is divided by 753?
27
What is the remainder when 9199 is divided by 400?
399
What is the remainder when 